t q = i + 7. What is the highest common factor of 140 and q?
14
Suppose 23 = 2*z - 11. What is the highest common divisor of z and 51?
17
Let a(h) = -6 + 1 + 0 - 2*h. Let u(p) = p + 4. Let r(z) = 2*a(z) + 3*u(z). Let w be r(-2). Calculate the highest common divisor of 4 and w.
4
Let l(s) = -s**2 - 4*s + 13. Let i be l(-6). What is the highest common divisor of 3 and i?
1
Let i be -6*(-3)/(-6) + (426 - 3). Calculate the highest common divisor of 60 and i.
60
Let k(m) = m**3 - m**2 - 3*m + 34. Let c be k(0). Calculate the highest common divisor of c and 85.
17
Suppose -83*t + 89*t - 924 = 0. Calculate the highest common divisor of 14 and t.
14
Suppose 20 = -4*r + 116. Suppose -4*p + 2*p = -48. Calculate the greatest common divisor of p and r.
24
Let v(g) = -25*g + 7. Let p be v(-6). Let q = p - 58. What is the greatest common divisor of 11 and q?
11
Suppose 4*b = 2*b + o + 25, 0 = o - 5. Let t = 3 + 3. Let z be 33/t - 1/(-2). Calculate the highest common factor of z and b.
3
Let r be (-20)/(-6)*9/5. Let t(i) = i**2 - 9*i + 8. Let l be t(r). Let k be (-20)/(-9) - l/(-45). Calculate the greatest common divisor of k and 14.
2
Let k be ((-4)/6)/(10/(-75)). Suppose -208 = -4*p + 3*x, -k*p + 274 + 21 = 5*x. What is the highest common factor of p and 11?
11
Let o = 53 + 7. What is the highest common factor of o and 40?
20
Let m = 7 - -1. Let z(r) be the first derivative of 2*r**3/3 - 11*r**2/2 - 8*r - 3. Let b be z(m). Calculate the greatest common factor of b and 4.
4
Let j(u) = u - 6. Let y be j(11). Suppose -2*c - y*f = -19, 4*c = 2*f + 3*f + 83. Calculate the highest common divisor of c and 119.
17
Let c = -21 + 23. Calculate the highest common factor of 16 and c.
2
Let w = -4 - -9. Suppose -s - 60 = -w*s. What is the greatest common factor of 120 and s?
15
Let q = -13 - -31. Calculate the highest common divisor of q and 2.
2
Let c(x) = -41*x + 6. Let l be c(-5). Suppose -5*m + l = -279. Suppose 0 = -4*s - 13 + 69. What is the greatest common factor of m and s?
14
Suppose 2*a = 4*b + 141 + 31, -4*a + 356 = 4*b. Calculate the greatest common factor of a and 22.
22
Let g be (3/(-6))/((-2)/36). Let a = -109 - -145. Calculate the greatest common factor of a and g.
9
Suppose 0 = h - 3*h + 4. Let b(a) = a**3 - 7*a**2 - 7*a - 9. Let n be b(8). Let c be 3 - 1 - (n + h). Calculate the highest common divisor of 8 and c.
1
Suppose 2*m + 9 = 5*m. Suppose m*v = -0*v + 24. What is the greatest common divisor of v and 8?
8
Let a = 0 - -28. What is the highest common divisor of a and 14?
14
Suppose 0 = -5*q + 25 + 15. Let m be (0 + -2 + 4)*36. What is the greatest common factor of q and m?
8
Let h = -20 + 42. Calculate the highest common divisor of 143 and h.
11
Suppose 5*n + m - 152 = 26, -114 = -3*n + 3*m. Let i be 9*(39/9 + -3). Calculate the greatest common factor of n and i.
12
Suppose 26*h - 29*h = -294. What is the highest common divisor of h and 14?
14
Let p = -5 + 10. Suppose -p*k = 2*f + f - 26, 4*k + f - 25 = 0. Let x be -2 - 2/(-2) - -29. What is the highest common divisor of k and x?
7
Let f be (2 + 16)/(6/4). Let z be (f - 9) + -2 + 19. What is the greatest common divisor of 30 and z?
10
Suppose q + 3*q - 3*m - 43 = 0, 37 = 4*q - 5*m. Let u be (-2)/(-4)*191*2. Let v = u + -113. Calculate the highest common divisor of q and v.
13
Suppose -3*j = -136 + 31. What is the greatest common divisor of j and 14?
7
Let d be 2/(-10) + 78/15. Let q = -12 - -32. What is the highest common divisor of q and d?
5
Let z be (78/15)/((-3)/(-45)). What is the greatest common factor of 39 and z?
39
Let x(c) = -c**3 - 7*c**2 + 8. Let j be x(-7). Let b be 270*3*j/60. What is the greatest common factor of 12 and b?
12
Suppose -3*t + 51 = 3*g, 3*g - 5*t + 0 = 11. What is the highest common factor of 132 and g?
12
Let h be 5/5 - -26*1. Suppose -6 = 2*p + p. Let d be (7/2 + p)*2. What is the highest common factor of h and d?
3
Let z(r) = r. Let f be z(6). Let o = 50 - -4. Let h = 78 - o. Calculate the greatest common factor of f and h.
6
Let s(w) = -w**2 + 11*w - 13. Let x be s(8). Calculate the greatest common factor of x and 22.
11
Let r(u) = -u**3 + u**2 - u + 90. Let o be r(0). Calculate the highest common factor of 10 and o.
10
Let j = -57 - -71. What is the greatest common factor of 2 and j?
2
Let v(c) = c**2 + 4*c + 3. Let j(y) = 5*y**3 - y**2 - y. Let i be j(-1). Let x be v(i). Suppose 12 = 2*m - 4. What is the greatest common divisor of m and x?
8
Let z(a) = -6*a - 3. Let x be z(-7). Calculate the highest common divisor of 13 and x.
13
Let i be (-2)/(405/(-80) - -5). What is the highest common divisor of i and 32?
32
Let h(v) = -v**3 + 11*v**2 - 12. Let w be (6 - -3) + (0 - -1). Let l be h(w). Calculate the greatest common factor of l and 8.
8
Let m be (-1)/(6/4 + -2) + 40. What is the greatest common divisor of 28 and m?
14
Suppose -5*j + 77 = -4*q, 0*j = j - 5*q - 7. Let l = 3 - -14. What is the highest common divisor of j and l?
17
Suppose 35*o - 32*o = 30. Suppose -4*r - 10 - 4 = -d, 4*r = -3*d - 6. What is the greatest common divisor of d and o?
2
Let u = -48 + 33. Let z = u + 21. Let m = 2 + z. Calculate the greatest common divisor of 8 and m.
8
Suppose 0 = 4*m - 5*m + 48. Calculate the greatest common divisor of m and 120.
24
Let o(i) = 4*i**2 + 6*i + 10. Let x be o(-3). Let v(m) = 9*m**2 - 3*m - 2. Let n be v(3). Calculate the highest common factor of n and x.
14
Suppose -14 - 22 = -3*w. Suppose 2 = 2*s - 262. Calculate the highest common factor of s and w.
12
Let v(h) = h**2 + 7*h + 12. Let a be v(-6). Suppose -18 = -2*m - 4*p, -a*m = -2*m + 4*p - 32. What is the highest common factor of m and 7?
7
Suppose 0 = -4*i + 3*p + 134, 4*i + 5*p + 165 = 9*i. What is the greatest common divisor of 5 and i?
5
Let s = 140 + -68. What is the highest common divisor of 8 and s?
8
Let w be (-3789)/(-21) - (-9)/(-21). Calculate the highest common divisor of 72 and w.
36
Suppose -320 = -13*f + 5*f. Calculate the highest common factor of f and 360.
40
Suppose -4*i + 1 - 3 = -2*j, -5*j + 5 = 3*i. Suppose 0 = 4*r - 3*o + 3 - 246, 2*r + 5*o - 141 = i. What is the greatest common factor of r and 9?
9
Let i be (6/4)/((-1)/(-10)). What is the highest common factor of i and 5?
5
Let x = -814 + 1146. Suppose 4*k - 220 = x. Suppose -3*z + k = -9. What is the greatest common divisor of z and 7?
7
Let a be (-2 - -2)*(-4)/4. Suppose 3*w - w - 8 = a. Suppose 257 = w*r - 159. Calculate the highest common factor of r and 13.
13
Suppose -256 = -0*q - 2*q. Let l be -2 + 1 - (0 + -1). Suppose -5*i + 9 = 2*w - 3*w, 4*w - 3*i - 49 = l. Calculate the greatest common divisor of q and w.
16
Let v be 2/(-4)*(-2)/(-1). Let t be -2*((v - 0) + -15). What is the highest common factor of 224 and t?
32
Let l be 1*((-3)/3 - 2). Let g(n) = -5*n - 4. Let x be g(l). Suppose 5*w - 205 = 6*z - z, 3 = z. Calculate the highest common factor of w and x.
11
Suppose -2*i + 5*q = -118, -3*q = -5*i - 2*q + 272. What is the greatest common divisor of i and 18?
18
Suppose -5*p + 0*p = -40. Let o = -38 + 81. Let a = -27 + o. Calculate the highest common divisor of p and a.
8
Suppose 3*x - 79 = 59. Suppose 70 + x = 4*r. Let s = r - -16. Calculate the greatest common divisor of 9 and s.
9
Let x be 2 - -14 - (-6)/3. What is the greatest common divisor of x and 36?
18
Suppose -5*o + 4*r = 42, 56 = 2*o - 7*o - 3*r. Let d = 10 - o. Calculate the highest common divisor of d and 10.
10
Let o = -6 - -8. Suppose o*b - 24 = -2*a, 0*b = -4*a - 3*b + 46. Calculate the greatest common divisor of a and 10.
10
Let y = 36 + 10. Suppose 0 = -2*u + 4*m + 32, -2*m = -2*u - 4 + y. Let o = -6 + u. What is the greatest common divisor of o and 4?
4
Let r be 18/(-2)*60/(-18). What is the greatest common divisor of 80 and r?
10
Suppose 6 = -2*u + 24. Calculate the greatest common divisor of 1 and u.
1
Let r be 12/6 + (31 - -3). What is the highest common divisor of 132 and r?
12
Let a(b) = b**3 - 13*b**2 + 13*b - 8. Let d be a(12). Suppose -2*q - q = 2*f - 13, -90 = -5*f + d*q. Calculate the highest common divisor of f and 42.
14
Let k(r) = 2*r**2 + 9*r + 15. Let d be k(-5). Suppose 5*n = 25, 5*q + n - 2*n = 695. What is the highest common factor of q and d?
20
Let g = -3 + 1. Let f(z) = -2*z**3 - z**2 + 3*z + 2. Let q be f(g). Calculate the g